 = 2*b - 7. Give m(3).
-1
Let q(g) = -g**3 - 3*g**2 + 68*g + 5. What is q(7)?
-9
Let n(b) = b**3 - b - 3. Calculate n(3).
21
Let j(b) = 104*b. Determine j(-1).
-104
Let s(d) = 2*d**3 - 12*d**2 - 3*d + 12. Calculate s(6).
-6
Let i(p) = -2*p**2 + 10*p + 4. Determine i(5).
4
Let v(k) = -k**3 + 14*k**2 + 14*k - 9. Calculate v(15).
-24
Let w(b) = -32*b + 32. Determine w(8).
-224
Let g(u) = -8*u + 80. What is g(10)?
0
Let z(y) = 7*y - 1. What is z(-1)?
-8
Let y(f) = -f**2 + 12*f - 21. What is y(12)?
-21
Let u(p) = -p**2 - 6*p + 21. What is u(-8)?
5
Let a(t) = t**2 + 4*t - 29. What is a(-7)?
-8
Let w(h) = -21*h - 17. Give w(-4).
67
Let t(y) = 2*y - 22. Calculate t(8).
-6
Let t(y) = -4*y + 16. Calculate t(18).
-56
Let f(j) = -2*j**2 - 3*j + 2. Determine f(-3).
-7
Let q(f) = -f**3 - 7*f**2 + 3*f + 4. Determine q(-7).
-17
Let f(m) = -23*m + 11. Give f(3).
-58
Let d(i) = -i**2 + 8*i - 1. Give d(6).
11
Let f(h) = 19*h - 151. Calculate f(8).
1
Let r(m) = -17*m + 2. What is r(2)?
-32
Let g(j) = -13*j + 406. Calculate g(31).
3
Let w(y) = -y**3 + y + 128. Determine w(0).
128
Let p(o) = -8*o - 158. Determine p(-20).
2
Let k(s) = 2*s**2 + s - 4. Give k(-5).
41
Let i(w) = 2*w**2 + 10*w + 11. What is i(-7)?
39
Let r(n) = -n**2 - n + 7. Determine r(0).
7
Let c(a) = a**2 + 8*a - 7. Give c(-9).
2
Let l(m) = -27*m**3 + m. Determine l(-1).
26
Let b(v) = 17*v. What is b(-1)?
-17
Let y(o) = 5*o - 43. Give y(6).
-13
Let k(w) = 19*w + 2. Determine k(-4).
-74
Let f(p) = p**2 + 8. Determine f(0).
8
Let w(q) = 5*q - 7. What is w(-2)?
-17
Let v(m) = -2*m**2 - 19*m - 7. Determine v(-9).
2
Let k(s) = -19*s - 133. Give k(-9).
38
Let b(l) = 2*l - 31. What is b(13)?
-5
Let n(d) = d + 27. Give n(-44).
-17
Let h(x) = x**3 - 11*x**2 - 24. What is h(11)?
-24
Let k(i) = i**2 + 5*i - 91. What is k(-13)?
13
Let l(w) = -w**2 + 4*w + 15. What is l(7)?
-6
Let n(t) = -t**3 + 9*t**2 + 3*t + 9. Give n(9).
36
Let s(d) = d**3 - 8*d**2 - 12*d + 24. Determine s(9).
-3
Let b(l) = 42*l - 1. What is b(-1)?
-43
Let x(a) = 5*a - 39. Give x(9).
6
Let a(p) = 8*p - 7. What is a(4)?
25
Let o(t) = t**3 + 8*t**2 + 7*t - 4. What is o(-7)?
-4
Let p(w) = -7*w - 10. Determine p(-7).
39
Let d(h) = -h**3 + 39*h**2 + 4. Give d(39).
4
Let m(f) = f**2 + 4*f - 10. What is m(-6)?
2
Let q(x) = x**2 + 6*x - 10. Give q(5).
45
Let w(i) = -i**3 - 7*i**2 + 6*i + 68. Give w(-6).
-4
Let h(t) = -t - 4. Determine h(-15).
11
Let q(c) = c**3 - 7*c**2 + 2*c - 4. Give q(7).
10
Let m(i) = -i**3 - 8*i**2 + 2*i + 1. What is m(-8)?
-15
Let d(b) = -b**2 + 2*b + 5. Calculate d(-5).
-30
Let w(a) = 2*a**2 - 10*a - 3. What is w(5)?
-3
Let r(a) = -a**3 - 6*a**2 - 10*a - 5. Calculate r(-2).
-1
Let b(t) = t**2 + 12*t - 2. Give b(-7).
-37
Let h(t) = 6*t + 52. What is h(-8)?
4
Let s(c) = 5*c + 9. Give s(-7).
-26
Let s(z) = z**2 - 13*z - 10. Determine s(15).
20
Let m(i) = -i**2 - 9*i - 10. Calculate m(-9).
-10
Let i(x) = -3*x + 3. Determine i(4).
-9
Let o(y) = -y**2. Calculate o(-11).
-121
Let f(m) = -m + 17. What is f(-5)?
22
Let a(o) = o - 11. Determine a(4).
-7
Let s(t) = t**2 - 21*t + 1. Give s(10).
-109
Let l(t) = t**3 + 4*t**2 + 6*t - 1. Give l(-4).
-25
Let a(y) = 8*y + 9. Give a(-6).
-39
Let h(d) = d**3 - 6*d**2 + 6*d - 6. Calculate h(5).
-1
Let d(g) = g**2 - 6*g - 56. Give d(-5).
-1
Let y(b) = -6*b - 12. What is y(-10)?
48
Let o(h) = -h**2 - 7*h + 138. Calculate o(9).
-6
Let f(d) = d**2 + 23*d + 108. What is f(-12)?
-24
Let x(n) = -5*n**3 - 3*n**2 + 1. Give x(2).
-51
Let h(v) = -v**3 + 4*v**2 - v + 1. Determine h(3).
7
Let r(i) = -i**3 - 2*i**2 + 6*i + 1. Give r(3).
-26
Let t(l) = l + 11. What is t(-9)?
2
Let w(d) = -d**3 + 9*d**2 + 24*d - 16. Calculate w(11).
6
Let b(c) = 8*c - 34. What is b(4)?
-2
Let r(n) = -n**3 + 19*n**2 - 14*n + 4. What is r(18)?
76
Let f(g) = -g**2 + 2*g + 6. What is f(5)?
-9
Let r(p) = p**2 - 21*p - 27. What is r(18)?
-81
Let j(b) = b**3 - 3*b**2 - 5*b + 5. What is j(4)?
1
Let l(p) = -p**2 + 3*p - 9. Give l(3).
-9
Let c(q) = 4*q. What is c(10)?
40
Let i(c) = -c**3 - 13*c**2 - 21*c + 10. Determine i(-11).
-1
Let o(p) = -4*p + 82. What is o(22)?
-6
Let k(w) = -12*w**2 + 24*w + 4. Give k(3).
-32
Let i(j) = 2*j**3 - 23*j**2 - 38*j - 11. What is i(13)?
2
Let o(v) = -v**3 - 3*v**2 + 12*v + 2. Calculate o(-5).
-8
Let d(k) = -7*k + 133. Give d(20).
-7
Let x(c) = -c**2 + 9*c - 24. Calculate x(7).
-10
Let b(g) = -2*g + 3. Give b(0).
3
Let i(g) = -g**2 + 14*g - 27. What is i(11)?
6
Let s(q) = 5*q + 10. What is s(-4)?
-10
Let m(y) = -y**3 - 7*y**2 - 4*y + 7. Calculate m(-6).
-5
Let h(t) = 87*t + 8. Calculate h(-2).
-166
Let n(q) = q**3 - 10*q**2 + 13*q - 2. What is n(9)?
34
Let d(i) = i**2 - 13*i + 1. What is d(13)?
1
Let n(f) = f**2 + 6*f - 8. Calculate n(-7).
-1
Let t(d) = -d**3 + 5*d**2 + 6*d - 1. Determine t(6).
-1
Let n(z) = 23*z - 139. Calculate n(6).
-1
Let r(q) = 3*q**3 - 32*q**2 - 5*q - 23. Give r(11).
43
Let r(v) = v**3 - 5*v**2 + 6*v. What is r(4)?
8
Let l(v) = 8*v + 196. Determine l(-25).
-4
Let k(y) = 23*y**2 - 2. Determine k(1).
21
Let t(k) = -k**3 - 17*k**2 - 18*k + 3. Give t(-16).
35
Let w(d) = -19*d**2 + 2*d - 2. Give w(1).
-19
Let l(c) = -4*c + 5. Calculate l(9).
-31
Let d(x) = -5*x + 18. Give d(7).
-17
Let d(a) = a**2 + 11*a + 5. Determine d(-4).
-23
Let x(q) = q**3 + 4*q**2 + 9*q + 3. Calculate x(-3).
-15
Let q(x) = -x**2 - 11*x + 10. What is q(-9)?
28
Let p(m) = -7*m**3 - 2*m**2 + 9*m - 7. Calculate p(1).
-7
Let k(y) = -35*y**2 + 2*y + 1. What is k(-1)?
-36
Let w(x) = 31*x + 11. What is w(-1)?
-20
Let f(n) = -2*n - 13. What is f(-12)?
11
Let v(c) = c - 23. Calculate v(11).
-12
Let f(x) = -5*x**2 + 13*x + 14. What is f(5)?
-46
Let h(d) = -d**2 - 18*d - 7. Give h(-7).
70
Let m(w) = w**2 - 11*w + 5. Give m(10).
-5
Let r(a) = 37*a + 298. Give r(-8).
2
Let i(o) = o**3 - 13*o**2 - 13*o - 20. What is i(14)?
-6
Let r(a) = -a**2 + 31*a + 106. Give r(34).
4
Let a(v) = -v**3 + 6*v**2 - 2. Give a(6).
-2
Let f(m) = m**3 - 13*m**2 - 16*m + 22. What is f(14)?
-6
Let v(l) = l**3 + 4*l**2 + 13*l + 15. What is v(-2)?
-3
Let z(d) = -171*d**3 - 2*d**2 + 2*d - 2. Give z(1).
-173
Let w(g) = -37*g + 6. Give w(-3).
117
Let f(w) = -w**2 + 10*w - 27. Calculate f(5).
-2
Let a(q) = q**2 - 4*q - 19. Calculate a(10).
41
Let r(i) = -8*i + 10. What is r(-2)?
26
Let f(x) = 5*x**3 - 5*x**2 - 3*x + 1. What is f(3)?
82
Let n(j) = j**2 - 12*j - 9. Give n(6).
-45
Let f(u) = 4*u - 4. Determine f(-4).
-20
Let g(q) = -q**3 - 14*q**2 + 2*q - 6. What is g(-14)?
-34
Let g(i) = -5*i**2 - 194*i + 49. Calculate g(-39).
10
Let f(p) = 27*p + 426. Give f(-16).
-6
Let z(t) = -20*t + 5. Calculate z(2).
-35
Let a(c) = 8*c - 403. Determine a(51).
5
Let p(b) = 2*b**2 - 2*b - 2. Give p(4).
22
Let p(k) = 69*k**2 - k - 1. Determine p(1).
67
Let c(o) = -o**2 - 10*o + 10. Determine c(-10).
10
Let j(u) = 13*u - 1. What is j(-1)?
-14
Let f(r) = 2*r**2 - 3*r + 2. What is f(4)?
22
Let j(d) = -d**2 + 13*d + 18. Determine j(14).
4
Let l(i) = i**3 - 28*i**2 - 27*i - 70. Determine l(29).
-12
Let n(l) = -l + 31. Give n(16).
15
Let o(x) = -x. Determine o(7).
-7
Let t(f) = -f**3 - 36*f**2 + 48*f + 404. Give t(-37).
-3
Let f(a) = -a**2 - 9*a - 7. Determine f(-7).
7
Let j(d) = 2*d**2 + 13*d - 27. Calculate j(-8).
-3
Let k(l) = l**2 + 10*l - 7. Determine k(-10).
-7
Let m(f) = f**2 + 18*f + 10. Determine m(-16).
-22
Let g(a) = a**2 - 16*a - 104. Calculate g(21).
1
Let m(t) = t**3 - 4*t**2 - 2*t + 5. Calculate m(4).
-3
Let j(t) = -2*t**3 - 22*t**2 + 6*t + 6. Calculate j(-11).
-60
Let h(y) = y**3 - 4*y**2 + 6*y - 15. Give h(4).
9
Let g(m) = -m**3 - 14*m**2 - 17*m - 17. Give g(-13).
35
Let d(s) = s**3 - 15*s**2 - 16*s - 4. Give d(16).
-4
Let b(l) = l + 13. Determine b(-13).
0
Let b(k) = -37*k - 2. What is b(-1)?
35
Let m(t) = t**3 + 19*t**2 - 22*t - 35. Give m(-20).
5
Let n(m) = 2*m + 7. Give n(8).
23
Let u(r) = -r**3 + 4*r**2 - 3*r - 6. Determine u(5).
-46
Let g(t) = t**3 + 41*t**2 + 79*t + 14. What is g(-39)?
-25
Let l(b) = -b**3 - 4*b**2 - 2*b - 1. Determine l(-3).
-4
Let o(q) = 3*q**2 - 5*q - 1. Give o(1).
-3
Let t(l) = -l**3 - 5*l**2 + 6*l - 2. Give t(-5).
-32
Let r(s) = -s + 22. Determine r(30).
-8
Let x(s) = s**3 - 8*s**2 - 12*s + 11. Give x(9).
-16
Let v(d) = d**2 - 4*d + 1. Calculate v(8).
33
Let i(h) = 9*h - 4. Calculate i(2).
14
Let x(d) = d**2 - 12*d - 12. What is x